uppose -3*u - 7 - 14 = 0. Let g be ((-24)/14)/(1/u). Suppose r - g = -0*r. What is the remainder when 46 is divided by r?
10
Suppose 4*q = 2*q + d + 29, q - 5*d - 10 = 0. What is the remainder when 44 is divided by q?
14
What is the remainder when 5/(-20) - (-345)/4 is divided by 29?
28
Let s(b) = b**3 + 5*b**2 - 3*b - 3. Calculate the remainder when 73 is divided by s(-4).
23
Suppose -k = 2, -2*u + k = u - 20. Let h = u + 19. Calculate the remainder when h is divided by 14.
11
Let w = 62 + -33. Calculate the remainder when w is divided by 10.
9
Suppose -11 + 36 = 5*o. What is the remainder when 13 is divided by o?
3
Let l = -20 - -34. Let i = l + -10. Let z = -4 + 7. Calculate the remainder when i is divided by z.
1
Let l(a) = -a**3 + 7*a**2 + a + 9. Let h = 6 - 6. Suppose 3*b - 3*n - 58 - 35 = h, 3*b = -5*n + 85. Calculate the remainder when b is divided by l(7).
14
Suppose 8*l + 10 = 3*l. Calculate the remainder when 90 + (l - (-1)/1) is divided by 30.
29
Suppose 4*x = -x. Suppose -r - 4*r = x. Let m = 2 + r. Calculate the remainder when m is divided by 1.
0
Let q = 32 - 21. Suppose 0 = 6*d - d - i - 151, 3*d - 5*i = 95. What is the remainder when d is divided by q?
8
Suppose c + 3 = -2. Let o be 2/c + (-152)/(-5). Suppose -5*a + 2*d + o = 0, -3*a - 2*d = 3*d - 18. Calculate the remainder when 10 is divided by a.
4
Let m(r) = 56*r**2 + 3*r + 4. Calculate the remainder when m(-1) is divided by 12.
9
Let v(f) = 3*f + 22. Calculate the remainder when v(0) is divided by 12.
10
Let w(b) = b + 12 + 17 - 7. Calculate the remainder when w(11) is divided by 9.
6
Let x = 13 + -1. Calculate the remainder when 2 is divided by (-3)/x - (-18)/8.
0
Suppose -2*h + p - 15 + 51 = 0, -3*h + 2*p + 55 = 0. What is the remainder when 60 is divided by h?
9
Suppose -3*x = 4*z - 186, -3*z + 6*z = x + 133. Suppose 15*p - 80 = 10*p. Calculate the remainder when z is divided by p.
13
Suppose -7*l = -2*l - 10. Suppose 27 = 5*f + l*p - 90, 4*p = -5*f + 119. What is the remainder when f is divided by 13?
10
Let l = -30 + 50. What is the remainder when l is divided by 8?
4
Suppose 70 = -9*v + 16*v. What is the remainder when 25 is divided by v?
5
Let g(d) = 23*d**2 + 1. What is the remainder when 94 is divided by g(-1)?
22
Let q be (-11 + -256)*2/(-6). Suppose -5*t + 6 = -3*t. Suppose 3*m = 4*d + q, 2*d - 84 = -t*m + 5*d. Calculate the remainder when 68 is divided by m.
22
Let y = 102 - 92. Calculate the remainder when 27 is divided by y.
7
Let v(g) = -g. Let w be (-2)/(-8) + (-52)/16. Let q be v(w). Suppose q*y - 25 = 4*t, 3*t - 1 = -2*y - 7. What is the remainder when 7 is divided by y?
1
Let j(w) = -w**2 + 8*w - 3. Let z(y) = -y**3 - 31*y**2 + 32*y + 45. What is the remainder when z(-32) is divided by j(5)?
9
Suppose -3*c + 7 = -4*c + 3*z, -5*z = 5*c - 65. Calculate the remainder when 22 is divided by c.
6
Let x = 5 - 4. Let g be 2 + (1 - (0 + x)). Suppose -24 = -w - g. Calculate the remainder when w is divided by 12.
10
Suppose 0 = 2*u - 2, 0*u - u - 62 = y. Suppose -4*n + n = 2*g - 80, 0 = -2*n + 3*g + 49. Calculate the remainder when n is divided by y/6*2/(-3).
5
Suppose 8 = -0*l - 4*l. Calculate the remainder when 1 is divided by (l - 0)*(-1)/2.
0
Let f(o) be the second derivative of -o**4/12 - 11*o**3/6 - o**2 + 2*o. Calculate the remainder when f(-5) is divided by 15.
13
Suppose 2*g = 3*g. Suppose -2*j + x + 37 = g, 4*j + 4*x = -18 + 110. What is the remainder when 79 is divided by j?
19
Suppose 0 = -3*p + 11 + 7. Let o = 1 + p. What is the remainder when 12 is divided by o?
5
Suppose -3 = -4*q + 37. Let p(f) = f**2 - 7*f - 13. Calculate the remainder when 32 is divided by p(q).
15
Let f be 2/(2/(-3) + 1). What is the remainder when 3 is divided by 116/36 - f/27?
0
Let k(y) be the first derivative of y**3/3 + 4*y**2 - 9*y + 1. What is the remainder when 20 is divided by k(-10)?
9
Let z = 71 - 56. What is the remainder when 74 is divided by z?
14
Let w(q) = -q**3 - 5*q**2 + 6*q + 3. Let s be w(-6). Suppose -31 - 2 = -s*n. What is the remainder when 43 is divided by n?
10
Suppose 3*r - 165 = -4*t, 2*t - 3*r - 62 = 43. Calculate the remainder when t is divided by 16.
13
Suppose 0 = -5*x + 54 + 16. What is the remainder when 25 is divided by x?
11
Let m = 114 - 74. What is the remainder when m is divided by ((-1)/(-1) + 0)*21?
19
Let o = -37 - -87. Let p be 8*((-14)/8 + 1). What is the remainder when o is divided by ((-68)/(-6))/(p/(-9))?
16
Let d(r) = r**3 - 7*r**2 - 7*r - 8. Let q be d(8). Suppose 0 = -3*w + 15, -2*w + 350 = 5*j - q*j. Calculate the remainder when j is divided by 23.
22
Let n = -79 + 159. Calculate the remainder when n is divided by 28.
24
Let m = 4 - 4. Suppose m*r + 4*r - 256 = 0. Let h(g) = 22*g**2 + g + 1. Calculate the remainder when r is divided by h(-1).
20
Let s = -1 - -22. Let f = s + -10. What is the remainder when 32 is divided by f?
10
Suppose -5*u + 40 = 2*l, -5*l + 15 = 4*u - 0*u. Suppose -u = n - 3*n. Suppose 0 = -n*x + 49 + 1. What is the remainder when 18 is divided by x?
8
Let h(t) = t - 1. Let u be h(3). Suppose -j - 90 = -3*f, -u*f + 2*j - 3*j + 55 = 0. Calculate the remainder when f is divided by 8.
5
Let h(o) = -o**3 - 6*o**2 - o. Let c be h(-3). Let p = 46 + c. Calculate the remainder when p is divided by 6.
4
Let q(f) = -f**3 + 12*f**2 - 12*f - 9. What is the remainder when q(10) is divided by 37?
34
Let k = 8 + 8. Calculate the remainder when 57 is divided by k.
9
Let y = -8 - -21. Let b(j) = 3*j - 4*j + y + 0*j + 2*j. What is the remainder when b(0) is divided by 4?
1
Let z(p) = -p**2 + 11*p + 3. Let u be z(12). Suppose -2*j = j + 69. Let f = u - j. What is the remainder when 27 is divided by f?
13
Let z = -19 - -39. Calculate the remainder when 33 is divided by 4/10 - (-352)/z.
15
Suppose 3*u = 2*u. Suppose -3*o + u = -12. Calculate the remainder when 5 is divided by o.
1
Let i(d) = d - 1. Let q(o) = -10*o + 5. Let b(j) = -6*i(j) - q(j). Let l = -24 - -27. Calculate the remainder when b(1) is divided by l.
2
What is the remainder when 105 is divided by 12/15 + (-393)/(-15)?
24
Suppose a = -3*f - 12, -2*a + 1 - 10 = f. Let k be 2/(-3) - (-13)/a. What is the remainder when (1 - 1*k) + -2 is divided by 3?
1
Suppose -5*o = -2*f - 74, 0 = 4*o + 3*f - 21 - 52. Calculate the remainder when 44 is divided by o.
12
Let r = -72 - -138. Let k = 146 - r. Suppose 3*o + k = 5*o. Calculate the remainder when o is divided by 14.
12
What is the remainder when 4 is divided by 6/8 + 63/28?
1
Let w = -2 - 2. Let v(h) = -2*h + 3. Calculate the remainder when v(w) is divided by 7.
4
Suppose 2*p = -3 + 7. Suppose -2*u = 3*k + 2, -4*k + 1 = u + p. Let q = 11 + u. Calculate the remainder when q is divided by 6.
4
Suppose 6*k - k - 2*h = 71, 0 = 2*k - 2*h - 26. Suppose k = -3*l + 8*l. Let o = -3 - -8. Calculate the remainder when o is divided by l.
2
Let z(w) = 3*w**2 - 4*w + 4. Calculate the remainder when z(3) is divided by (-117)/(-26) - 1/(-2).
4
Calculate the remainder when 8 - (-1)/(-1) - (3 - 7) is divided by 8.
3
Suppose y = 15 - 3. Let c be (3 + 21/(-9))*-9. Calculate the remainder when y is divided by 63/c*6/(-9).
5
Calculate the remainder when 81 is divided by 8/2 + (-9)/(81/(-153)).
18
Suppose 26*o - 4*o - 176 = 0. Suppose -5*q + 133 = -62. What is the remainder when q is divided by o?
7
Let z(m) = m**3 - 13*m**2 + 23*m - 21. What is the remainder when z(12) is divided by 19?
16
Let y(z) = z**3 - 6*z**2. Let a be y(6). Suppose a = x - 2 - 1. Let i(n) = -n + 17. What is the remainder when i(9) is divided by x?
2
Let p(o) = o**3 - 2*o**2 - 8*o + 10. Let y be p(4). Suppose 0 = -0*i + 2*i + y, 0 = f - i - 31. What is the remainder when 101 is divided by f?
23
Let p = -61 + 131. Suppose -5*l + p = -0*l. What is the remainder when 27 is divided by l?
13
Suppose 4*w - 24 = -4*c, -3*w - 17 = -c - 3*c. Suppose c*k + d - 207 - 100 = 0, d - 2 = 0. What is the remainder when k is divided by 21?
19
Suppose 5*k + 4*b - 59 = 0, -20 = 2*b + 3*b. Let s(a) = a**3 + a**2 + 2. Let l be s(-5). Let c = 141 + l. Calculate the remainder when c is divided by k.
13
Let y be -2 - (-13 - (-1 - -2)). Let o(c) = 2*c - 16. What is the remainder when 31 is divided by o(y)?
7
Suppose 0*x + 24 = 4*x. Suppose -2*d + 36 = -2*s, -4*d + 4*s = 7*s - 93. Calculate the re